{"id":71,"date":"2016-03-26T19:31:30","date_gmt":"2016-03-26T18:31:30","guid":{"rendered":"http:\/\/histoiredemassage.com\/?page_id=71"},"modified":"2024-12-06T12:06:58","modified_gmt":"2024-12-06T11:06:58","slug":"contact","status":"publish","type":"page","link":"https:\/\/histoiredemassage.com\/index.php\/contact\/","title":{"rendered":"Me contacter"},"content":{"rendered":"<p><span style=\"font-size: medium;\">Merci de me contacter pour trouver un cr\u00e9neau. Venez <\/span>\u00e0 S\u00e9m\u00e9ac ou je me d\u00e9place chez vous, sur Tarbes et ses environs, en vall\u00e9e des gaves, \u00e0 Lourdes, Luz, Cauterets &#8230;<\/p>\n<p>Pour toute envie de massage ou\u00a0d&#8217;informations, merci de me contacter par t\u00e9l\u00e9phone ou via le formulaire ci-dessous.<\/p>\n<p>Sinon,\u00a0pour pour laisser votre avis, vos impressions, ou juste un petit mot&#8230;\u00a0venez faire un saut sur <a href=\"https:\/\/www.facebook.com\/histoiredemassage\/\" target=\"_blank\">Ma page Facebook<\/a>\u00a0! Merci !<\/p>\n<p><strong><span style=\"font-size: medium;\">Rachel Allier<\/span><\/strong><\/p>\n<p><span style=\"font-size: medium;\">19, rue du Docteur Gaut\u00e9<br \/>\n<\/span><\/p>\n<p><span style=\"font-size: medium;\">65600 S\u00e9m\u00e9ac<br \/>\n<\/span><\/p>\n<p><strong><span style=\"font-size: medium;\">06 79 30 67 76<\/span><\/strong><\/p>\n<p><strong><span style=\"font-size: medium;\"><a href=\"mailto:rachel.allier@gmail.com\">rachel.allier@gmail.com<\/a><\/span><\/strong><\/p>\n<div id='contact-form-71'>\n<form action='https:\/\/histoiredemassage.com\/index.php\/contact\/#contact-form-71' method='post' class='contact-form commentsblock'>\n\n<div>\n\t\t<label for='g71-nom' class='grunion-field-label name'>Nom<span>(required)<\/span><\/label>\n\t\t<input type='text' name='g71-nom' id='g71-nom' value='' class='name'  required aria-required='true'\/>\n\t<\/div>\n\n<div>\n\t\t<label for='g71-email' class='grunion-field-label email'>E-mail<span>(required)<\/span><\/label>\n\t\t<input type='email' name='g71-email' id='g71-email' value='' class='email'  required aria-required='true'\/>\n\t<\/div>\n\n<div>\n\t\t<label for='contact-form-comment-g71-votredemande' class='grunion-field-label textarea'>Votre demande<span>(required)<\/span><\/label>\n\t\t<textarea name='g71-votredemande' id='contact-form-comment-g71-votredemande' rows='20' class='textarea'  required aria-required='true'><\/textarea>\n\t<\/div>\n\t<p class='contact-submit'>\n\t\t<input type='submit' value='Submit &#187;' class='pushbutton-wide'\/>\n\t\t<input type='hidden' name='contact-form-id' value='71' \/>\n\t\t<input type='hidden' name='action' value='grunion-contact-form' \/>\n\t<\/p>\n<\/form>\n<\/div>\n","protected":false},"excerpt":{"rendered":"<p class=\"post-excerpt\">Merci de me contacter pour trouver un cr\u00e9neau. Venez \u00e0 S\u00e9m\u00e9ac ou&hellip;<\/p>\n<div class=\"link-more\"><a href=\"https:\/\/histoiredemassage.com\/index.php\/contact\/\">Continue reading<span class=\"screen-reader-text\"> \"Me contacter\"<\/span>&hellip;<\/a><\/div>","protected":false},"author":1,"featured_media":134,"parent":0,"menu_order":0,"comment_status":"closed","ping_status":"closed","template":"","meta":[],"_links":{"self":[{"href":"https:\/\/histoiredemassage.com\/index.php\/wp-json\/wp\/v2\/pages\/71"}],"collection":[{"href":"https:\/\/histoiredemassage.com\/index.php\/wp-json\/wp\/v2\/pages"}],"about":[{"href":"https:\/\/histoiredemassage.com\/index.php\/wp-json\/wp\/v2\/types\/page"}],"author":[{"embeddable":true,"href":"https:\/\/histoiredemassage.com\/index.php\/wp-json\/wp\/v2\/users\/1"}],"replies":[{"embeddable":true,"href":"https:\/\/histoiredemassage.com\/index.php\/wp-json\/wp\/v2\/comments?post=71"}],"version-history":[{"count":22,"href":"https:\/\/histoiredemassage.com\/index.php\/wp-json\/wp\/v2\/pages\/71\/revisions"}],"predecessor-version":[{"id":6098,"href":"https:\/\/histoiredemassage.com\/index.php\/wp-json\/wp\/v2\/pages\/71\/revisions\/6098"}],"wp:featuredmedia":[{"embeddable":true,"href":"https:\/\/histoiredemassage.com\/index.php\/wp-json\/wp\/v2\/media\/134"}],"wp:attachment":[{"href":"https:\/\/histoiredemassage.com\/index.php\/wp-json\/wp\/v2\/media?parent=71"}],"curies":[{"name":"wp","href":"https:\/\/api.w.org\/{rel}","templated":true}]}}